e highest common divisor of 271 and 8409130.
271
What is the highest common factor of 332 and 492?
4
Calculate the greatest common factor of 135 and 132780.
15
Calculate the highest common factor of 11925485 and 1283.
1283
Calculate the highest common divisor of 84 and 127932.
84
What is the greatest common divisor of 190 and 21470?
190
Calculate the highest common divisor of 1036 and 10892.
28
Calculate the greatest common divisor of 168 and 205940.
28
Calculate the highest common factor of 539 and 17633.
77
What is the greatest common divisor of 3445 and 154760?
265
What is the highest common divisor of 670 and 20?
10
What is the highest common divisor of 395 and 558451?
79
Calculate the greatest common divisor of 194391 and 9.
9
Calculate the greatest common factor of 928 and 2224.
16
Calculate the highest common divisor of 31981 and 27.
1
Calculate the greatest common divisor of 240840 and 36572.
892
Calculate the highest common divisor of 51671 and 1585.
317
Calculate the greatest common divisor of 15822 and 351.
27
What is the greatest common factor of 2715918 and 6?
6
Calculate the greatest common factor of 19950 and 56.
14
What is the greatest common factor of 1332 and 201924?
36
Calculate the highest common divisor of 19200 and 3700.
100
What is the greatest common factor of 1236 and 302511?
309
Calculate the highest common factor of 4760 and 890.
10
Calculate the highest common divisor of 4911248 and 80.
16
What is the greatest common divisor of 7686 and 1722?
42
Calculate the highest common factor of 1664 and 3848.
104
Calculate the greatest common divisor of 6624 and 558.
18
Calculate the highest common factor of 138759 and 299.
23
What is the greatest common divisor of 2328 and 12288?
24
Calculate the greatest common divisor of 22666 and 14.
14
Calculate the greatest common factor of 8476 and 182.
26
What is the highest common divisor of 9952 and 20?
4
What is the greatest common factor of 90 and 45855?
45
Calculate the greatest common divisor of 32634 and 4410.
882
Calculate the greatest common factor of 2883 and 421755.
93
What is the greatest common factor of 716 and 2206?
2
Calculate the highest common factor of 700987 and 21.
7
What is the greatest common factor of 284 and 1629592?
284
Calculate the highest common factor of 615 and 216435.
15
Calculate the highest common factor of 1246 and 23102086.
1246
What is the greatest common factor of 187 and 13141?
17
Calculate the highest common factor of 5220 and 1800.
180
What is the highest common factor of 948 and 79?
79
What is the highest common factor of 279 and 9176?
31
What is the highest common factor of 184130 and 60?
10
What is the greatest common factor of 28 and 276836?
28
What is the highest common factor of 5407428 and 312?
156
Calculate the highest common divisor of 2873764 and 804.
268
What is the greatest common divisor of 28 and 65716?
28
Calculate the highest common factor of 52632 and 680.
136
What is the highest common divisor of 4275 and 2604900?
1425
What is the highest common divisor of 319 and 249371?
29
What is the greatest common divisor of 23810 and 670?
10
What is the highest common divisor of 16 and 577376?
16
What is the highest common divisor of 25377 and 44?
11
Calculate the greatest common divisor of 4026706 and 1398.
466
What is the greatest common divisor of 4 and 1719128?
4
Calculate the highest common factor of 23355 and 6615.
135
What is the highest common factor of 1638 and 75537?
63
What is the highest common factor of 2520 and 595?
35
What is the highest common factor of 134398 and 298?
298
Calculate the greatest common factor of 75295 and 5920.
185
What is the highest common divisor of 10047 and 2142?
51
What is the greatest common divisor of 4790 and 680?
10
What is the greatest common factor of 5852 and 7524?
836
What is the highest common factor of 34 and 44166?
34
Calculate the highest common factor of 26292 and 966.
42
What is the highest common factor of 8254706 and 1126?
1126
What is the highest common factor of 1197 and 74746?
133
Calculate the highest common divisor of 3393 and 17667.
117
Calculate the highest common factor of 16226 and 182.
14
What is the highest common divisor of 33150 and 4454?
34
Calculate the highest common factor of 115 and 133699.
23
Calculate the greatest common divisor of 636 and 1242.
6
What is the greatest common factor of 2449 and 69599?
79
Calculate the greatest common divisor of 10395 and 465795.
495
Calculate the highest common divisor of 17150 and 770.
70
Calculate the greatest common factor of 12 and 1758.
6
What is the greatest common factor of 621557 and 29?
29
Calculate the highest common factor of 884 and 173672.
68
What is the greatest common divisor of 418808 and 104?
104
What is the highest common divisor of 3146 and 6050?
242
What is the greatest common factor of 21 and 755538?
21
What is the highest common factor of 7272 and 6262?
202
What is the greatest common factor of 55 and 26405?
5
Calculate the greatest common divisor of 1734 and 1080571.
289
Calculate the greatest common divisor of 316667 and 65.
13
Calculate the greatest common factor of 154009 and 337.
337
Calculate the greatest common factor of 15000 and 230625.
1875
What is the greatest common divisor of 70380 and 9360?
180
What is the highest common factor of 1680 and 1426880?
560
What is the greatest common factor of 38813 and 851?
37
Calculate the greatest common factor of 101 and 377639.
101
What is the greatest common factor of 4182 and 12054?
246
What is the greatest common factor of 3830788 and 69?
23
What is the highest common divisor of 350638 and 398?
398
Calculate the greatest common divisor of 584 and 104.
8
Calculate the greatest common divisor of 103563 and 16317.
333
What is the greatest common divisor of 190341 and 9?
9
Calculate the greatest common factor of 446813 and 86.
43
What is the greatest common divisor of 1747472 and 40528?
2384
What is the greatest common divisor of 546 and 127842?
78
Calculate the highest common factor of 7 and 1383403.
7
Calculate the greatest common divisor of 624 and 391508.
52
What is the greatest common divisor of 154 and 13321?
77
Calculate the highest common divisor of 553026 and 1098.
366
Calculate the greatest common divisor of 490334 and 182.
26
What is the greatest common divisor of 3861 and 2106?
351
What is the highest common divisor of 15305 and 55?
5
Calculate the highest common factor of 33 and 4103.
11
What is the greatest common divisor of 188 and 2172?
4
Calculate the highest common divisor of 1617 and 29271.
33
Calculate the highest common factor of 609 and 7168.
7
What is the highest common divisor of 4 and 33277?
1
What is the greatest common factor of 130 and 13702?
26
Calculate the greatest common divisor of 76704 and 24.
24
Calculate the highest common factor of 1287 and 65439.
99
Calculate the highest common factor of 359312 and 1496.
136
Calculate the highest common divisor of 2106 and 1193166.
234
What is the highest common factor of 204 and 21369?
51
Calculate the greatest common factor of 19852 and 12488.
28
Calculate the highest common divisor of 106 and 4990.
2
What is the greatest common factor of 1365 and 33943?
91
Calculate the greatest common divisor of 28840 and 3080.
280
What is the greatest common divisor of 253 and 826991?
11
Calculate the highest common factor of 7182 and 102018.
42
Calculate the highest common divisor of 455204 and 248.
124
Calculate the highest common divisor of 13264 and 20725.
829
Calculate the highest common divisor of 80 and 49810.
10
What is the highest common factor of 14 and 271376?
14
What is the greatest common factor of 2272050 and 450?
450
What is the highest common factor of 306487 and 611?
47
Calculate the highest common factor of 350433 and 216.
27
Calculate the greatest common divisor of 80494 and 4676.
334
What is the greatest common divisor of 27 and 363879?
27
Calculate the greatest common factor of 31884 and 900.
12
Calculate the greatest common factor of 55767 and 435.
87
Calculate the highest common divisor of 20153190 and 1865.
1865
Calculate the greatest common divisor of 15969 and 6.
3
Calculate the highest common divisor of 67486 and 5002.
82
What is the greatest common factor of 1415 and 44997